+ 4*w - 24. Suppose 8 + 9 = 5*g - y*r, -22 = -4*g - r. List the prime factors of g.
5
Let i be (-2 + (-685)/15)/((-1)/3). Let x be 1*58*(17 + -16). Let d = i - x. What are the prime factors of d?
5, 17
Suppose -2*b = -149 + 33. Let i = b - 47. Suppose 0 = -i*t + 5*t + 144. List the prime factors of t.
2, 3
Let x(w) = 2*w + 11. Let i be x(-4). Suppose s + 3*a - 26 = i*s, a = 3*s + 25. Let q(l) = l**3 + 8*l**2 + 8*l + 12. What are the prime factors of q(s)?
5
Let y(g) = -9*g + 5. Let s = 118 + -121. List the prime factors of y(s).
2
Let x be -3*(-3 - 36) - 10/(-5). Suppose 0 = -2*q + x + 95. Suppose 3*u - 64 = q. List the prime factors of u.
3, 19
Let q be 2*(4662/12)/7. Let x = q + -107. Suppose 0 = x*h - c - 1111, 5*h - 524 - 862 = 4*c. What are the prime factors of h?
2, 139
Let j(d) = 358*d - 4694. List the prime factors of j(47).
2, 3, 337
Let m = -567 - -1669. List the prime factors of m.
2, 19, 29
Suppose 66 + 14 = 16*p. Suppose -2*q + p*w + 999 + 71 = 0, -5*q + 3*w = -2675. What are the prime factors of q?
5, 107
Let a be 78/8 - (-7)/28. Suppose a*q + 7028 = 24*q. List the prime factors of q.
2, 251
Let b(t) = t + 11. Let m be b(-4). Let g(i) = 26*i - 9*i - 41 + 21*i + 19. What are the prime factors of g(m)?
2, 61
Suppose 22*s + 16191 = 102343. What are the prime factors of s?
2, 11, 89
Let c(r) = r**2 - 15*r + 27. Let v(i) = i**3 - 14*i**2 - 14*i + 5. Suppose 60 = -7*s + 11*s. Let t be v(s). What are the prime factors of c(t)?
127
Let c(g) = 1 + 1 - 8*g - 6. Suppose -55*j - 35 = -50*j. What are the prime factors of c(j)?
2, 13
What are the prime factors of (18/(-27))/(50/(-2700525))?
36007
Let s = -140 + 48. Let f = s - -293. What are the prime factors of f?
3, 67
Let m(k) = 11*k + 2. Let r be m(0). Suppose b + 3*t - 1138 = 0, -r*b - 9*t + 4*t = -2275. What are the prime factors of b?
5, 227
Let m be (1 - 56/21)*9/(-15). Suppose 4*j - 3*p = 3598 + 1931, 0 = p - m. What are the prime factors of j?
3, 461
Suppose 2*j - 4*l = 28950, 5*l - 60931 = -5*j + 11564. List the prime factors of j.
43, 337
Let r(m) be the second derivative of 15*m**4/8 - 23*m**2/2 + 15*m. Let n(f) be the first derivative of r(f). List the prime factors of n(4).
2, 3, 5
Let f = -1610 + 2267. What are the prime factors of f?
3, 73
Let i(t) = -2*t + 1. Let o(b) = -3*b + 1. Let s(u) = 5*i(u) - 3*o(u). Let k be s(-3). Suppose -3*y + 27 = a - 4*y, 15 = k*y. List the prime factors of a.
2, 3, 5
Let l(s) = 5*s**3 + s**2 + s - 1. Let x be l(2). Let d(g) = -5*g + 186. Let t be d(43). Let f = t + x. What are the prime factors of f?
2
What are the prime factors of ((-100)/(-700) + (-27)/(-105))/(2/45480)?
2, 3, 379
Let a(o) = 18*o - 33. Let n be a(1). Let y(z) = 5*z**2 + 20*z - 4. What are the prime factors of y(n)?
821
Let y(v) = -v**3 + 8*v**2 - 7*v + 5. Let i be y(7). Let t(o) = 14*o + 6*o**2 - 2*o + 7 - 1 + 4*o + 6. List the prime factors of t(i).
2, 11
Let t(j) = 22*j**3 - 4*j**2 + 1. Let v(n) = n + 269 - 5*n + n - 339. Let a be v(-24). What are the prime factors of t(a)?
7, 23
Let s(l) = -15*l + 31. Let v(c) = -60*c + 125. Let t(k) = 26*s(k) - 6*v(k). What are the prime factors of t(-5)?
2, 103
Suppose 5*c + 26378 = 3*u, -136*c = -3*u - 134*c + 26375. List the prime factors of u.
59, 149
Let v(a) be the first derivative of 2*a**3/3 + 4*a**2 + 200*a - 154. List the prime factors of v(-11).
2, 3, 59
Let y(i) = i**2 + 43*i + 171. List the prime factors of y(-56).
29, 31
Suppose -1359 = -7*f + 1203. Suppose -3*v + 4*t + 528 = 0, -v - v - 2*t + f = 0. Let j = v - 102. What are the prime factors of j?
2, 3, 13
Suppose -4*o + r - 2598 + 22913 = 0, 2*o + 4*r = 10162. What are the prime factors of o?
3, 1693
Let r be 18/6 + 7 + 2. List the prime factors of 146 + (6/(-21) - r/7).
2, 3
Let k(r) = -26*r**2 - 44*r + 12. Let l(f) = -53*f**2 - 87*f + 24. Let g(p) = -13*k(p) + 6*l(p). List the prime factors of g(-10).
2, 3, 31
Let f(z) = 13*z**2 + 5*z - 13. Let u be f(6). Suppose 2*h - 163 = u. Let w = h - 222. List the prime factors of w.
2, 3, 17
Suppose -c + 960 - 266 = 0. Suppose 30*l + 19710 = -15*l. Let y = c + l. What are the prime factors of y?
2
Let i = -1826 + 4617. What are the prime factors of i?
2791
Let q(o) be the second derivative of 0 + 1/20*o**5 - 7/3*o**3 + 2*o**2 + 8*o + 3/4*o**4. What are the prime factors of q(-10)?
2, 11
Let o = -38 + -1. Let c = o - -38. Let f(h) = 75*h**2 + 2*h. What are the prime factors of f(c)?
73
Suppose -b + 25 = 3*o + 5, 4*o = -4*b + 56. Suppose 3520 = -x + b*x. Suppose 4*m - x = 2*m. What are the prime factors of m?
2, 11
Let u(y) = 23*y - 38. Suppose -21*m + 105 = -14*m. What are the prime factors of u(m)?
307
Suppose -2*a - 2*a + 40 = 0. Let b(h) = 18*h - 43. Let j(q) = 6*q - 13. Let g(c) = -6*b(c) + 19*j(c). List the prime factors of g(a).
71
Let o(g) = 51*g**2 + 110*g + 2138. What are the prime factors of o(-15)?
7, 1709
Let k(b) = 12*b**3 - 2*b**2 + 2*b - 1. Let u be k(1). Let c = u - 7. Suppose c*l = 478 - 38. What are the prime factors of l?
2, 5, 11
Suppose 1202592 - 3977119 = 95*g - 438*g. List the prime factors of g.
8089
Suppose -c + 3*u = -4*c + 76812, -2*u = -c + 25595. What are the prime factors of c?
25601
Suppose 2 = -3*v + 5, 0 = -5*d + 2*v + 38. Suppose -d*r = 13*r - 9303. What are the prime factors of r?
443
Suppose 268 - 88 = -10*y. Let x(p) = -17*p - 46. Let u be x(y). Suppose 4*l - u - 480 = 0. What are the prime factors of l?
5, 37
Let y(k) = -37*k**3 + k**2 + 8*k + 17. Let l be (-7 - -10) + -6 + 0. List the prime factors of y(l).
7, 11, 13
Let t = -2873 - -3664. List the prime factors of t.
7, 113
Let n = -18314 - -20300. List the prime factors of n.
2, 3, 331
Let c(f) be the first derivative of -f**4 + f**3 + f**2 + 3*f + 20. Let g be c(-5). Let v = g + -400. What are the prime factors of v?
2, 3, 7
Let p(j) = 7*j**2 - 15*j - 79. Let b be ((-28)/6)/((-74)/(-111)). What are the prime factors of p(b)?
3, 41
Suppose -4*y + 3000 = 5*c, 3*y + 3000 = 3*c + 2*c. Suppose -a = -5*a - c. What are the prime factors of -1 - (-6)/10 - 16860/a?
2, 7
Let k(r) = 47*r**2 + 69*r - 11. What are the prime factors of k(19)?
3, 6089
What are the prime factors of (-14373)/(-4) + 15/(-60)?
3593
Let r = -1413 + 7695. What are the prime factors of r?
2, 3, 349
Suppose -13 = l + 5*n, 5*l + 3*n - 9 = 2*l. Let c(v) = -v**2 - v + 5. Let g(x) = -2*x**2 + 6. Let t(p) = 5*c(p) - 4*g(p). What are the prime factors of t(l)?
113
Let h(o) = 250*o**2 + 287*o + 58. List the prime factors of h(14).
2, 3, 4423
List the prime factors of (7498 - (0 + 0)) + (-212 - -209).
5, 1499
Let a = 10678 + -6834. What are the prime factors of a?
2, 31
List the prime factors of 3249608/95 - 30/(-50).
79, 433
Let t be 2 + (16/2 - 4). Suppose -4 = -x, -5*b + 3*b + 3*x + t = 0. Suppose -5*o = -44 + b. List the prime factors of o.
7
Suppose 2*m + 180 + 104 = 4*o, 3*o - 573 = 4*m. Let f = m - -412. What are the prime factors of f?
2, 67
Suppose -a = -4, q + 4*a - 16 = 3*q. Suppose -12*m - 93 + 1965 = q. What are the prime factors of m?
2, 3, 13
Let v be (-3)/(-1 + (-18)/(-12)) + 6. Suppose v = 62*o - 65658 - 54436. List the prime factors of o.
13, 149
Let q(j) = -4*j + 8. Let o be q(3). Let c = o + 4. Suppose c = -4*m - 12, -6*d + 302 = -2*d - 2*m. What are the prime factors of d?
2, 37
Let n be -38*(3 - (-28)/(-8)). Suppose 20*k - 1 = n. List the prime factors of k/2 + (-777)/(-6).
2, 5, 13
Let c(r) be the first derivative of 442*r**3/3 + 3*r**2/2 + 3*r + 87. What are the prime factors of c(-1)?
2, 13, 17
Suppose -11*d - 1575 = -8549. Suppose -34*l = -39*l - 5, 2*l + d = 2*b. What are the prime factors of b?
2, 79
Let v be -6*((-25)/10 - -2). Let g(p) = 121*p + 12. What are the prime factors of g(v)?
3, 5
Let r = -93 - -97. Suppose -547 - 293 = -r*m. Suppose m + 33 = 9*t. List the prime factors of t.
3
Suppose 36*r - 42*r = -1344. Let d = -19 + 22. Suppose -r = -d*c + 406. What are the prime factors of c?
2, 3, 5, 7
Let b(f) = -10*f**2 - 34*f - 1. Let g be b(-5). Let h = 1 - g. Let i = 71 + h. What are the prime factors of i?
3, 17
List the prime factors of -4 + (-17418)/(-8) + 8 + (-231)/28.
41, 53
Let m = 37504 - 35604. What are the prime factors of m?
2, 5, 19
Let l(d) = -317*d**3 - 9*d**2 + 3*d - 31. List the prime factors of l(-5).
2, 3, 7, 937
List the prime fact